 the prime factors of g?
3, 577
Let z(x) be the third derivative of -31*x**4/24 + 7*x**3/6 - 3*x**2. Let k be z(-5). What are the prime factors of ((-2)/3)/((-6)/k)?
2, 3
Let j = 199 + -97. Suppose -j = -5*c + 3*c. List the prime factors of c.
3, 17
Let a(s) = 2*s**2 + 11*s + 10. Let f be a(-5). Suppose 0 = -f*h + 23 + 7. Suppose -2*q - 260 = -h*q. What are the prime factors of q?
5, 13
Let z(j) = 78*j**3 - 11*j**2 + 5*j + 10. What are the prime factors of z(4)?
2, 2423
Let m = 1174 + 146. What are the prime factors of m?
2, 3, 5, 11
Suppose 4*h = -f - 0*f + 16, 3*f = -2*h + 8. Suppose -k = -0*k - h*m - 141, -3*k + 468 = -3*m. List the prime factors of k.
7, 23
Let d(t) be the third derivative of 7*t**4/24 - 7*t**3/2 - 6*t**2. What are the prime factors of d(6)?
3, 7
Let y(i) = -90*i + 71. List the prime factors of y(-4).
431
Suppose -59442 = -42*a + 16956. What are the prime factors of a?
17, 107
Let t(g) = 2*g**2 + 2*g - 1. Let i be t(1). Let j be -3 + 5 + 7 - i. List the prime factors of 204/j - (-1 - -3).
2
Let c(r) = -r**3 - 4*r**2 - r - 4. Suppose 2*b - 20 = 4*a, -a - b = 2*b + 5. List the prime factors of c(a).
2, 13
Suppose 2*w = 4*i - 366 - 1548, 3*i - 3*w = 1434. What are the prime factors of i?
479
Let l = 251 + -391. Let j = -79 - l. What are the prime factors of j?
61
Let w = 9 + -4. Suppose -4*i + 778 + 186 = -4*y, -6*i + 2*y = -1450. Suppose -x - 2*j + i = 3*x, 2*x - w*j = 151. List the prime factors of x.
3, 7
Let f = -1015 - -1702. What are the prime factors of f?
3, 229
Let x = 60 + 133. Suppose -4 = 3*n - 10, -3*z + x = -n. List the prime factors of z.
5, 13
Let j = 18 + -14. Suppose 8 = 5*y + j*t, 5*y + 6 = 5*t - 4. Suppose y = -3*k - 5*i + 69, -i - 115 = -3*k - k. What are the prime factors of k?
2, 7
Suppose -2*s + 0*s - 5*o - 148 = 0, -o = -s - 88. Let k = -11 - s. What are the prime factors of k?
73
Let n = -8 - -30. Suppose 0 = -2*c - 4 + n. Suppose c*k = 13*k - 212. What are the prime factors of k?
53
Suppose -4*m - 2885 = 3*l - 8809, 5*m = -5*l + 7405. List the prime factors of m.
1481
Let a(g) = g**2 - 6. Let m(w) = -w**2 + w + 6. Let d(q) = 3*a(q) + 2*m(q). What are the prime factors of d(-6)?
2, 3
Suppose -5*i - 20 = 0, 0 = -2*s - 3*i - i + 204. Suppose 5*g + s = 3*a - 102, -2*a - g + 124 = 0. List the prime factors of a.
2
Suppose -7*c + 13*c = 0. Let p be 0*(1/3 + c). Suppose p = -11*k + 13*k - 142. What are the prime factors of k?
71
Let n(k) = 6*k + 6 - 3*k**3 + 192*k**2 + 4*k**3 + 199*k**2 - 384*k**2. Suppose -6 = o - 0*o. What are the prime factors of n(o)?
2, 3
Let k(z) = 72*z**2 - 72*z**2 - 49*z**3 + z. Let h be k(-1). Suppose 3*d = 183 - h. What are the prime factors of d?
3, 5
List the prime factors of -1 + -6065*(-5)/25.
2, 3, 101
Let c be 200/(-72) - (-4)/(-18). Suppose 3*q - 13 = 2*u, 5*q - q = u - 1. Let h = c - u. What are the prime factors of h?
2
Suppose 58*k - 5680 = 42*k. List the prime factors of k.
5, 71
Let i = 1994 + -1074. What are the prime factors of i?
2, 5, 23
Let j = 25 + -23. Suppose -4*a + 118 = j*t - 2*a, -4*a = 4. List the prime factors of t.
2, 3, 5
Let w(v) = -6*v**2 + 4*v + 1. Let q(l) be the second derivative of -l**4/12 + l**2/2 - 5*l. Let s(z) = 5*q(z) - w(z). List the prime factors of s(4).
2
Suppose 39*q - 1092 = 36*q. List the prime factors of q.
2, 7, 13
Suppose -r = 5*b - 3410, -682 = -3*b + 2*b + 3*r. Let c = -466 + b. List the prime factors of c/10 + (-10)/(-25).
2, 11
Let x(j) be the first derivative of j**2/2 + j - 10. Let k be x(3). Let b(y) = 13*y. List the prime factors of b(k).
2, 13
Let i(k) = k + 2. Let g = 9 - 6. Suppose 0 = -g*d + 21 + 6. List the prime factors of i(d).
11
Let n be 4 - (-972)/8 - (-3)/(-6). Suppose -104 = -2*b - 3*r, 5*b + r - 148 = n. What are the prime factors of b?
5, 11
Let o be (6 + -6)/(1 + 0). What are the prime factors of (-2 - (486 - o))/((-6)/3)?
2, 61
Let k(m) be the second derivative of -13*m**3/3 + 27*m**2/2 + 40*m. List the prime factors of k(-8).
5, 47
Let u(w) = 14*w**2 - 2*w - 4. Let g be u(3). Suppose 31*b + g = 32*b. What are the prime factors of b?
2, 29
Suppose -4*z + 0*a = 2*a + 92, a - 115 = 5*z. List the prime factors of (-1 - z)/(2/10*1).
2, 5, 11
Let y = 3422 + -2274. List the prime factors of y.
2, 7, 41
Suppose -4*l - 2023 = -3*b + 7126, 0 = -b - l + 3038. List the prime factors of b.
17, 179
Suppose -2*g - 8 = -18. Suppose g*h = 905 - 55. What are the prime factors of h?
2, 5, 17
Let g = 293 + -118. List the prime factors of g.
5, 7
Suppose 23*q - 14355 = 7219. What are the prime factors of q?
2, 7, 67
Suppose 2*b - 3278 + 216 = 0. List the prime factors of b.
1531
Let r(o) = 7*o - 90. Let u(w) = -8*w + 91. Let k(y) = -5*r(y) - 4*u(y). What are the prime factors of k(0)?
2, 43
Let v(r) = -139*r - 104. List the prime factors of v(-5).
3, 197
Let j = 67 + 61. Suppose -3*c + j + 10 = 0. List the prime factors of c.
2, 23
List the prime factors of 1 + 1176 - (16 - 19).
2, 5, 59
Let w(p) = -2*p - 4. Suppose f = -5*f - 84. List the prime factors of w(f).
2, 3
Suppose 26 = 2*y - 4*o, -5*y - 29 = -4*o - 70. Suppose -4*p - 35 = -y*p. What are the prime factors of p?
5, 7
Let g(j) = 2*j - 54. Let a be g(23). Let t = 132 - a. What are the prime factors of t?
2, 5, 7
Let o(w) = 9*w + 3. Let k be (-4)/24*3*2. Let c = 0 - k. What are the prime factors of o(c)?
2, 3
Suppose 0 = -5*w - 2*w + 21. Let o(f) = f**2 - 2*f + 16. List the prime factors of o(w).
19
Suppose 0*u - 5*u - 15 = 0. Let z be (u/6)/(2/(-4)). What are the prime factors of (z/3)/((-6)/(-198))?
11
Suppose -6*i + 9*i = 450. Let x = -78 + i. List the prime factors of x.
2, 3
Let l = -8 + 7. Let z(i) = 48*i**2 - i - 1. Let v be z(l). What are the prime factors of (v/(-15))/((-4)/10)?
2
List the prime factors of ((-72)/32)/((-24)/20224).
2, 3, 79
Suppose 0 = -2*c - t - 20, -c - c - 20 = -4*t. Let s be c/20*(1 + -13). Suppose 9*v - s*v = 198. What are the prime factors of v?
2, 3, 11
Let a(h) = -11*h + 133. List the prime factors of a(-12).
5, 53
Let w(c) = -c**3 + 12*c**2 - 7*c - 4. Let g be w(9). Suppose 434 = 5*f - g. Suppose -4*m + f - 34 = 0. What are the prime factors of m?
2, 11
Let i(u) = -5 + u + 7*u - u - 2*u. List the prime factors of i(4).
3, 5
Let f(d) be the first derivative of -7*d**2/2 + 193*d - 1. List the prime factors of f(0).
193
Let h be (-1)/(-3) + 1460/12. Let b = h + -59. What are the prime factors of b?
3, 7
Let o be (-431 - 0/4)/((-1)/1). What are the prime factors of (-3)/15 - o/(-5)?
2, 43
Suppose 0 = -9*u - 1 + 28. Suppose -50 = 3*a + 5*l - 202, -280 = -5*a - u*l. What are the prime factors of a?
59
Let d(s) be the second derivative of s**5/20 + s**4 - s**3/3 + 5*s**2/2 - 6*s. Let w be d(-12). Let p = w + 13. List the prime factors of p.
2, 3, 7
Let u be (9/6)/((-15)/(-130)). Let r = 15 - u. What are the prime factors of 18 + 6 - (r - 4)?
2, 13
Let o(h) = -h**2 - 65*h + 112. List the prime factors of o(0).
2, 7
Suppose 2*t - 3969 = -3*v, 0 = -11*t + 6*t + v + 9948. What are the prime factors of t?
3, 13, 17
Suppose v = -3 + 15. Suppose v = -j + 5*z, -z = 4*z - 25. Let l = -7 + j. What are the prime factors of l?
2, 3
Let c be 2 - ((-27)/6 + 0)*-2. List the prime factors of 1/(-1) - 6*c.
41
Let p = -1131 - -1882. List the prime factors of p.
751
Let s = 641 - -218. List the prime factors of s.
859
Let u(r) = 8*r + 10. Let h(z) = -z**2 + 4*z + 4. Let y be h(4). What are the prime factors of u(y)?
2, 3, 7
Let b = 1333 - -961. What are the prime factors of b?
2, 31, 37
Let z(a) = 427*a**3 + 2*a**2 - 6*a + 5. What are the prime factors of z(1)?
2, 107
Suppose 2*i = 4*u - 1708, 2*i + 2438 = 5*u + 301. What are the prime factors of u?
3, 11, 13
Let g(f) = f + 1. Let u(s) = 3*s + 3*s - 1 - 2*s + s**2 - 3*s. Let q(d) = -3*g(d) + u(d). What are the prime factors of q(6)?
2, 5
Let y be (-2 - 6/(-2))*28. Suppose 0 = 5*i - 20, i - y = -c - i. Suppose -2*j = -t + 20, j + 79 - c = 4*t. List the prime factors of t.
2, 7
Suppose 4*v + 5*l = 36, -4*v - 3*l = -l - 24. Suppose 2 = v*y + 42. Let t = y - -33. What are the prime factors of t?
23
Let v be (2/(-2))/((-3)/(-129)). Let f be 0 - -3 - (4 + v). Let p = -27 + f. What are the prime factors of p?
3, 5
Let a(l) = -37*l - 127. Let d(s) = 12*s + 42. Let v(z) = 3*a(z) + 8*d(z). What are the prime factors o